{"id":86,"date":"2016-10-11T08:28:05","date_gmt":"2016-10-11T08:28:05","guid":{"rendered":"https:\/\/onejetski.com\/?page_id=86"},"modified":"2025-03-19T08:15:34","modified_gmt":"2025-03-19T08:15:34","slug":"home","status":"publish","type":"page","link":"https:\/\/onejetski.com\/","title":{"rendered":"Homepage 1"},"content":{"rendered":"<div class=\"wpb-content-wrapper\"><p>[vc_row full_width=&#8221;stretch_row_content_no_spaces&#8221;][vc_column css=&#8221;.vc_custom_1711637889446{background-image: url(https:\/\/onejetski.com\/wp-content\/uploads\/2024\/03\/Logo-Jetski-ONE.jpeg?id=1132) !important;}&#8221;][rev_slider_vc alias=&#8221;casa-4&#8243;][\/vc_column][\/vc_row][vc_row full_width=&#8221;stretch_row&#8221; css=&#8221;.vc_custom_1476947842768{padding-top: 5.8em !important; padding-bottom: 7.1em !important;}&#8221;][vc_column width=&#8221;1\/3&#8243; css=&#8221;.vc_custom_1476947699499{padding-right: 2em !important;}&#8221;][vc_single_image image=&#8221;1125&#8243; img_size=&#8221;300&#215;320&#8243; alignment=&#8221;right&#8221;][\/vc_column][vc_column width=&#8221;2\/3&#8243; css=&#8221;.vc_custom_1476947748964{padding-top: 2.5em !important; padding-left: 2.9em !important;}&#8221;]<div id=\"sc_title_587783956\"\n\t\tclass=\"scheme_default sc_title sc_title_default\"><h3 class=\"sc_item_title sc_title_title sc_align_left sc_item_title_style_title-medium-size-style\">\u00a1Di s\u00ed a Jetski ONE!<\/h3><\/div><!-- \/.sc_title -->[vc_column_text css=&#8221;.vc_custom_1711380089896{margin-top: 2em !important; margin-bottom: 2em !important;}&#8221;]Explora en moto de agua calas escondidas y paisajes espectaculares. \u00a1Reserva tu Jetski ONE y transforma tus vacaciones en Mallorca en una aventura inolvidable! [\/vc_column_text]<div class=\"sc_item_button sc_button_wrap sc_align_ninguno\"><a href=\"\/nuestro-equipo\/\"\n\t id=\"sc_button_2072500180\" \n\tclass=\"sc_button sc_button_default sc_button_size_normal sc_button_icon_izquierda\"\n\t\t><span class=\"sc_button_text sc_align_ninguno\"><span class=\"sc_button_title\">Conoce al equipo<\/span><\/span><!-- \/.sc_button_text --><\/a><!-- \/.sc_button --><\/div><!-- \/.sc_item_button -->[\/vc_column][\/vc_row][vc_row full_width=&#8221;stretch_row&#8221; parallax=&#8221;content-moving&#8221; css=&#8221;.vc_custom_1711380799474{padding-top: 6.7em !important; fondo acolchado: 7.75em !important; background-image: url(https:\/\/onejetski.com\/wp-content\/uploads\/2024\/03\/Jetski-foto-2.jpeg?id=1121) !important;}&#8221;][vc_column css=&#8221;.vc_custom_1476875423577{margin-bottom: 3.4em !important;}&#8221;]<div id=\"sc_title_458291574\"\n\t\tclass=\"scheme_default sc_title sc_title_default\"><h3 class=\"sc_item_title sc_title_title sc_align_center sc_item_title_style_estilo-de-t\u00edtulo-inverso\">Nuestros Tours<\/h3><\/div><!-- \/.sc_title --><div  id=\"sc_price_937269296\" \n\tclass=\"scheme_default sc_price sc_price_inverse-style\"><div class=\"sc_price_info\"><div class=\"sc_price_price\"><span class=\"sc_price_value\">229 \u20ac<\/span><\/div><div class=\"sc_price_description\">60min<\/div><div class=\"sc_price_title\">\n        Amanecer Cala D&#039;Or        <\/div><div class=\"sc_price_details\">[vc_column_text]Incre\u00edble excursi\u00f3n en moto de agua donde navegaremos por la costa de Cala D&#8217;Or disfrutando de su paisaje y disfrutando de la potencia de nuestras motos de agua, \u00a1quemando adrenalina todo el camino! [\/vc_column_text]<\/div><a href=\"\/cita\/\" class=\"sc_price_link\" target=\"_blank\">reservar ahora<\/a><\/div>\n<\/div><div  id=\"sc_price_1778059124\" \n\tclass=\"scheme_default sc_price sc_price_inverse-style\"><div class=\"sc_price_info\"><div class=\"sc_price_price\"><span class=\"sc_price_value\">199 \u20ac<\/span><\/div><div class=\"sc_price_description\">90min<\/div><div class=\"sc_price_title\">\n        Cal\u00f3 des Moro        <\/div><div class=\"sc_price_details\">[vc_column_text]Disfruta de esta incre\u00edble excursi\u00f3n a Cal\u00f3 des Moro, una preciosa cala rodeada de acantilados y aguas cristalinas, \u00a1un sue\u00f1o para cualquier amante de la naturaleza! Partiendo desde el Puerto Deportivo de Cala D&#8217;Or conduciremos nuestras motos de agua mientras admiramos incre\u00edbles calas y peque\u00f1as cuevas, como Cal\u00f3 des Borgit, Cala Mondrag\u00f3 y S&#8217;Amarador. [\/vc_column_text]<\/div><a href=\"\/cita\/\" class=\"sc_price_link\" target=\"_blank\">reservar ahora<\/a><\/div>\n<\/div><div  id=\"sc_price_346115575\" \n\tclass=\"scheme_default sc_price sc_price_inverse-style\"><div class=\"sc_price_info\"><div class=\"sc_price_price\"><span class=\"sc_price_value\">159 \u20ac<\/span><\/div><div class=\"sc_price_description\">60min<\/div><div class=\"sc_price_title\">\n        Parque Natural de Cala Mondrag\u00f3        <\/div><div class=\"sc_price_details\">[vc_column_text]Partiendo desde el Puerto Deportivo de Cala D&#8217;Or, navegaremos hacia el precioso Parque Natural de Cala Mondrag\u00f3, encontrando este impresionante paisaje rodeado de acantilados y calas llenas de naturaleza. Una vez all\u00ed podemos saltar al aguar y nadar, bucear y tambi\u00e9n tomar algunas fotos bonitas! [\/vc_column_text]<\/div><a href=\"\/cita\/\" class=\"sc_price_link\" target=\"_blank\">reservar ahora<\/a><\/div>\n<\/div><div  id=\"sc_price_516663076\" \n\tclass=\"scheme_default sc_price sc_price_inverse-style\"><div class=\"sc_price_info\"><div class=\"sc_price_price\"><span class=\"sc_price_value\">179 \u20ac<\/span><\/div><div class=\"sc_price_description\">60min<\/div><div class=\"sc_price_title\">\n        Atardecer Cala D&#039;or        <\/div><div class=\"sc_price_details\">[vc_column_text]Partiendo desde el Puerto Deportivo de Cala D&#8217;Or, navegaremos hacia el precioso Parque Natural de Cala Mondrag\u00f3, encontrando este impresionante paisaje rodeado de acantilados y calas llenas de naturaleza. Una vez all\u00ed podemos saltar al aguar y nadar, bucear y tambi\u00e9n tomar algunas fotos bonitas! [\/vc_column_text]<\/div><a href=\"\/cita\/\" class=\"sc_price_link\" target=\"_blank\">reservar ahora<\/a><\/div>\n<\/div>[\/vc_column][\/vc_row][vc_row full_width=&#8221;stretch_row&#8221; css=&#8221;.vc_custom_1476962785755{padding-top: 6em !important; fondo acolchado: 6.9em !importante; background-image: url(https:\/\/onejetski.com\/wp-content\/uploads\/2016\/10\/background-1.jpg?id=320) !important;}&#8221;][vc_column width=&#8221;2\/3&#8243; css=&#8221;.vc_custom_1476879863491{padding-top: 0.7em !important; padding-left: 6.3em !important;}&#8221;]<div id=\"sc_title_704831512\"\n\t\tclass=\"scheme_default sc_title sc_title_default\"><h3 class=\"sc_item_title sc_title_title sc_align_left sc_item_title_style_title-medium-size-style\">\u00bfEst\u00e1s dentro?<\/h3><\/div><!-- \/.sc_title -->[vc_column_text css=&#8221;.vc_custom_1711381505409{margin-top: 2em !important; margin-bottom: 2em !important;}&#8221;][\/vc_column_text]<div class=\"sc_item_button sc_button_wrap\"><a href=\"\/about-us\/\"\n\t id=\"sc_button_188271579\" \n\tclass=\"sc_button sc_button_default sc_button_size_normal sc_button_icon_left\"\n\t\t><span class=\"sc_button_text\"><span class=\"sc_button_title\">\u00fanete a nosotros<\/span><\/span><!-- \/.sc_button_text --><\/a><!-- \/.sc_button --><\/div><!-- \/.sc_item_button -->[\/vc_column][vc_column width=&#8221;1\/3&#8243;][vc_single_image image=&#8221;1123&#8243; img_size=&#8221;300&#215;300&#8243; style=&#8221;vc_box_circle&#8221;][\/vc_column][\/vc_row][vc_row full_width=&#8221;stretch_row_content_no_spaces&#8221;][vc_column][\/vc_column][\/vc_row][vc_row full_width=&#8221;stretch_row&#8221; css=&#8221;.vc_custom_1476966167921{padding-top: 6.8em !important; fondo acolchado: 7.25em !importante; background-image: url(https:\/\/onejetski.com\/wp-content\/uploads\/2016\/10\/background-1.jpg?id=320) !important;}&#8221;][vc_column]<div class=\"sc_team sc_team_short\" data-slides-per-view=\"3\" data-slides-min-width=\"150\"\t\t>\n\t\t<h3 class=\"sc_item_title sc_team_title sc_align_center sc_item_title_style_default\">Nuestro equipo<\/h3><div class=\"sc_team_columns sc_item_columns trx_addons_columns_wrap columns_padding_bottom\"><div class=\"trx_addons_column-1_3\"><div class=\"sc_team_item\">\n\t<div class=\"post_featured sc_team_item_thumb trx_addons_hover trx_addons_hover_style_info\">\n\t\t\t\t\t\t\t\t\t\t<a href=\"https:\/\/onejetski.com\/?cpt_team=adrian-short\" aria-hidden=\"true\"><img loading=\"lazy\" decoding=\"async\" width=\"540\" height=\"680\" src=\"https:\/\/onejetski.com\/wp-content\/uploads\/2016\/10\/team-1-540x680.jpg\" class=\"attachment-malta-thumb-team size-malta-thumb-team wp-post-image\" alt=\"Adrian Short\" srcset=\"https:\/\/onejetski.com\/wp-content\/uploads\/2016\/10\/team-1-540x680.jpg 540w, https:\/\/onejetski.com\/wp-content\/uploads\/2016\/10\/team-1-238x300.jpg 238w, https:\/\/onejetski.com\/wp-content\/uploads\/2016\/10\/team-1-370x466.jpg 370w, https:\/\/onejetski.com\/wp-content\/uploads\/2016\/10\/team-1.jpg 635w\" sizes=\"auto, (max-width: 540px) 100vw, 540px\" \/><\/a>\n\t\t\t\t\t<div class=\"trx_addons_hover_content\"><div class=\"sc_team_item_socials trx_addons_hover_info\"><span class=\"social_item\"><a href=\"https:\/\/www.instagram.com\/ancora_themes\/\" target=\"_blank\" class=\"social_icons social_instagram\"><span class=\"trx_addons_icon-instagram\"><\/span><\/a><\/span><span class=\"social_item\"><a href=\"https:\/\/twitter.com\/themes_ancora\" target=\"_blank\" class=\"social_icons social_twitter-1\"><span class=\"trx_addons_icon-twitter-1\"><\/span><\/a><\/span><span class=\"social_item\"><a href=\"https:\/\/www.facebook.com\/AncoraThemes\/\" target=\"_blank\" class=\"social_icons social_facebook\"><span class=\"trx_addons_icon-facebook\"><\/span><\/a><\/span><\/div><\/div><div class=\"trx_addons_hover_mask\"><\/div><\/div>\t<div class=\"sc_team_item_info\">\n\t\t<div class=\"sc_team_item_header\">\n\t\t\t<h4 class=\"sc_team_item_title\"><a href=\"https:\/\/onejetski.com\/?cpt_team=adrian-short\">Adrian Short<\/a><\/h4>\n\t\t\t<div class=\"sc_team_item_subtitle\">windsurfer<\/div>\n\t\t<\/div>\n\t<\/div>\n<\/div>\n<\/div><div class=\"trx_addons_column-1_3\"><div class=\"sc_team_item\">\n\t<div class=\"post_featured sc_team_item_thumb trx_addons_hover trx_addons_hover_style_info\">\n\t\t\t\t\t\t\t\t\t\t<a href=\"https:\/\/onejetski.com\/?cpt_team=bradley-mills\" aria-hidden=\"true\"><img loading=\"lazy\" decoding=\"async\" width=\"540\" height=\"680\" src=\"https:\/\/onejetski.com\/wp-content\/uploads\/2016\/10\/team-2-540x680.jpg\" class=\"attachment-malta-thumb-team size-malta-thumb-team wp-post-image\" alt=\"Bradley Mills\" srcset=\"https:\/\/onejetski.com\/wp-content\/uploads\/2016\/10\/team-2-540x680.jpg 540w, https:\/\/onejetski.com\/wp-content\/uploads\/2016\/10\/team-2-238x300.jpg 238w, https:\/\/onejetski.com\/wp-content\/uploads\/2016\/10\/team-2-370x466.jpg 370w, https:\/\/onejetski.com\/wp-content\/uploads\/2016\/10\/team-2.jpg 635w\" sizes=\"auto, (max-width: 540px) 100vw, 540px\" \/><\/a>\n\t\t\t\t\t<div class=\"trx_addons_hover_content\"><div class=\"sc_team_item_socials trx_addons_hover_info\"><span class=\"social_item\"><a href=\"https:\/\/www.instagram.com\/ancora_themes\/\" target=\"_blank\" class=\"social_icons social_instagram\"><span class=\"trx_addons_icon-instagram\"><\/span><\/a><\/span><span class=\"social_item\"><a href=\"https:\/\/twitter.com\/themes_ancora\" target=\"_blank\" class=\"social_icons social_twitter-1\"><span class=\"trx_addons_icon-twitter-1\"><\/span><\/a><\/span><span class=\"social_item\"><a href=\"https:\/\/www.facebook.com\/AncoraThemes\/\" target=\"_blank\" class=\"social_icons social_facebook\"><span class=\"trx_addons_icon-facebook\"><\/span><\/a><\/span><\/div><\/div><div class=\"trx_addons_hover_mask\"><\/div><\/div>\t<div class=\"sc_team_item_info\">\n\t\t<div class=\"sc_team_item_header\">\n\t\t\t<h4 class=\"sc_team_item_title\"><a href=\"https:\/\/onejetski.com\/?cpt_team=bradley-mills\">Bradley Mills<\/a><\/h4>\n\t\t\t<div class=\"sc_team_item_subtitle\">windsurfer<\/div>\n\t\t<\/div>\n\t<\/div>\n<\/div>\n<\/div><div class=\"trx_addons_column-1_3\"><div class=\"sc_team_item\">\n\t<div class=\"post_featured sc_team_item_thumb trx_addons_hover trx_addons_hover_style_info\">\n\t\t\t\t\t\t\t\t\t\t<a href=\"https:\/\/onejetski.com\/?cpt_team=corey-haynes\" aria-hidden=\"true\"><img loading=\"lazy\" decoding=\"async\" width=\"540\" height=\"680\" src=\"https:\/\/onejetski.com\/wp-content\/uploads\/2016\/10\/team-4-540x680.jpg\" class=\"attachment-malta-thumb-team size-malta-thumb-team wp-post-image\" alt=\"Corey Haynes\" srcset=\"https:\/\/onejetski.com\/wp-content\/uploads\/2016\/10\/team-4-540x680.jpg 540w, https:\/\/onejetski.com\/wp-content\/uploads\/2016\/10\/team-4-238x300.jpg 238w, https:\/\/onejetski.com\/wp-content\/uploads\/2016\/10\/team-4-370x466.jpg 370w, https:\/\/onejetski.com\/wp-content\/uploads\/2016\/10\/team-4.jpg 635w\" sizes=\"auto, (max-width: 540px) 100vw, 540px\" \/><\/a>\n\t\t\t\t\t<div class=\"trx_addons_hover_content\"><div class=\"sc_team_item_socials trx_addons_hover_info\"><span class=\"social_item\"><a href=\"https:\/\/www.instagram.com\/ancora_themes\/\" target=\"_blank\" class=\"social_icons social_instagram\"><span class=\"trx_addons_icon-instagram\"><\/span><\/a><\/span><span class=\"social_item\"><a href=\"https:\/\/twitter.com\/themes_ancora\" target=\"_blank\" class=\"social_icons social_twitter-1\"><span class=\"trx_addons_icon-twitter-1\"><\/span><\/a><\/span><span class=\"social_item\"><a href=\"https:\/\/www.facebook.com\/AncoraThemes\/\" target=\"_blank\" class=\"social_icons social_facebook\"><span class=\"trx_addons_icon-facebook\"><\/span><\/a><\/span><\/div><\/div><div class=\"trx_addons_hover_mask\"><\/div><\/div>\t<div class=\"sc_team_item_info\">\n\t\t<div class=\"sc_team_item_header\">\n\t\t\t<h4 class=\"sc_team_item_title\"><a href=\"https:\/\/onejetski.com\/?cpt_team=corey-haynes\">Corey Haynes<\/a><\/h4>\n\t\t\t<div class=\"sc_team_item_subtitle\">windsurfer<\/div>\n\t\t<\/div>\n\t<\/div>\n<\/div>\n<\/div><\/div><div class=\"sc_item_button sc_item_button_default sc_team_button sc_align_center sc_button_wrap\"><a href=\"\/nuestro-equipo\/\"\n\t id=\"sc_button_1588371779\" \n\tclass=\"sc_button sc_button_default sc_button_size_normal sc_button_icon_left\"\n\t\t><span class=\"sc_button_text\"><span class=\"sc_button_title\">Ver todo<\/span><\/span><!-- \/.sc_button_text --><\/a><!-- \/.sc_button --><\/div><!-- \/.sc_item_button sc_item_button_default sc_team_button sc_align_center --><\/div><!-- \/.sc_team -->[\/vc_column][\/vc_row][vc_row full_width=&#8221;stretch_row&#8221; css=&#8221;.vc_custom_1476967711533{padding-top: 6.8em !important; padding-bottom: 2.85em !important;}&#8221;][vc_column]<div class=\"scheme_heredar sc_blogger sc_blogger_classic\" data-slides-per-view=\"3\" data-slides-min-width=\"150\"\t\t>\n\t\t<h3 class=\"sc_item_title sc_blogger_title sc_align_center sc_item_title_style_title-medium-style\">Art\u00edculos recientes<\/h3><div class=\"sc_blogger_columns sc_item_columns trx_addons_columns_wrap columns_padding_bottom\"><div class=\"trx_addons_column-1_3\"><div id=\"post-20\"\tclass=\"sc_blogger_item post_format_standard post-20 post type-post status-publish format-standard has-post-thumbnail hentry category-water-sports category-windsup tag-technique\"><div class=\"post_featured with_thumb hover_icons sc_blogger_item_featured\"><img loading=\"lazy\" decoding=\"async\" width=\"740\" height=\"560\" src=\"https:\/\/onejetski.com\/wp-content\/uploads\/2016\/10\/image-10-740x560.jpg\" class=\"attachment-malta-thumb-classic size-malta-thumb-classic wp-post-image\" alt=\"Competition: Great Waves This Winter\" \/><div class=\"mask\"><\/div>            <div class=\"icons\">\n                <a href=\"https:\/\/onejetski.com\/?p=20\" aria-hidden=\"true\" class=\"icon-link\"><\/a>\n                                    <a href=\"https:\/\/onejetski.com\/wp-content\/uploads\/2016\/10\/image-10.jpg\" aria-hidden=\"true\" class=\"icon-search\" title=\"Competition: Great Waves This Winter\"><\/a>\n                            <\/div>\n            <\/div><div class=\"sc_blogger_item_content entry-content\"><div class=\"sc_blogger_item_header entry-header\"><h4 class=\"sc_blogger_item_title entry-title\"><a href=\"https:\/\/onejetski.com\/?p=20\" rel=\"bookmark\">Competition: Great Waves This Winter<\/a><\/h4><div class=\"sc_blogger_post_meta post_meta\"><span class=\"post_meta_item post_date\"><a href=\"https:\/\/onejetski.com\/?p=20\">October 10, 2016<\/a><\/span> <a href=\"https:\/\/onejetski.com\/?p=20#respond\" class=\"post_meta_item post_counters_item post_counters_comments trx_addons_icon-comment\"><span class=\"post_counters_number\">0<\/span><span class=\"post_counters_label\">Comments<\/span><\/a> <\/div><!-- .post_meta --><\/div><!-- .entry-header --><\/div><!-- .entry-content --><\/div><!-- .sc_blogger_item --><\/div><div class=\"trx_addons_column-1_3\"><div id=\"post-17\"\tclass=\"sc_blogger_item post_format_standard post-17 post type-post status-publish format-standard has-post-thumbnail hentry category-water-sports category-windsup tag-activity tag-relax tag-technique tag-waves tag-windsurfer\"><div class=\"post_featured with_thumb hover_icons sc_blogger_item_featured\"><img loading=\"lazy\" decoding=\"async\" width=\"740\" height=\"560\" src=\"https:\/\/onejetski.com\/wp-content\/uploads\/2016\/10\/image-9-740x560.jpg\" class=\"attachment-malta-thumb-classic size-malta-thumb-classic wp-post-image\" alt=\"Cabarete Windsurfing Competition\" srcset=\"https:\/\/onejetski.com\/wp-content\/uploads\/2016\/10\/image-9-740x560.jpg 740w, https:\/\/onejetski.com\/wp-content\/uploads\/2016\/10\/image-9-300x226.jpg 300w\" sizes=\"auto, (max-width: 740px) 100vw, 740px\" \/><div class=\"mask\"><\/div>            <div class=\"icons\">\n                <a href=\"https:\/\/onejetski.com\/?p=17\" aria-hidden=\"true\" class=\"icon-link\"><\/a>\n                                    <a href=\"https:\/\/onejetski.com\/wp-content\/uploads\/2016\/10\/image-9.jpg\" aria-hidden=\"true\" class=\"icon-search\" title=\"Cabarete Windsurfing Competition\"><\/a>\n                            <\/div>\n            <\/div><div class=\"sc_blogger_item_content entry-content\"><div class=\"sc_blogger_item_header entry-header\"><h4 class=\"sc_blogger_item_title entry-title\"><a href=\"https:\/\/onejetski.com\/?p=17\" rel=\"bookmark\">Cabarete Windsurfing Competition<\/a><\/h4><div class=\"sc_blogger_post_meta post_meta\"><span class=\"post_meta_item post_date\"><a href=\"https:\/\/onejetski.com\/?p=17\">October 10, 2016<\/a><\/span> <a href=\"https:\/\/onejetski.com\/?p=17#respond\" class=\"post_meta_item post_counters_item post_counters_comments trx_addons_icon-comment\"><span class=\"post_counters_number\">0<\/span><span class=\"post_counters_label\">Comments<\/span><\/a> <\/div><!-- .post_meta --><\/div><!-- .entry-header --><\/div><!-- .entry-content --><\/div><!-- .sc_blogger_item --><\/div><div class=\"trx_addons_column-1_3\"><div id=\"post-12\"\tclass=\"sc_blogger_item post_format_standard post-12 post type-post status-publish format-standard has-post-thumbnail hentry category-water-sports category-windsup tag-waves tag-windsurfer\"><div class=\"post_featured with_thumb hover_icons sc_blogger_item_featured\"><img loading=\"lazy\" decoding=\"async\" width=\"740\" height=\"560\" src=\"https:\/\/onejetski.com\/wp-content\/uploads\/2016\/10\/image-8-740x560.jpg\" class=\"attachment-malta-thumb-classic size-malta-thumb-classic wp-post-image\" alt=\"Competition: Just Another Day In Paradise\" srcset=\"https:\/\/onejetski.com\/wp-content\/uploads\/2016\/10\/image-8-740x560.jpg 740w, https:\/\/onejetski.com\/wp-content\/uploads\/2016\/10\/image-8-300x228.jpg 300w, https:\/\/onejetski.com\/wp-content\/uploads\/2016\/10\/image-8-370x281.jpg 370w\" sizes=\"auto, (max-width: 740px) 100vw, 740px\" \/><div class=\"mask\"><\/div>            <div class=\"icons\">\n                <a href=\"https:\/\/onejetski.com\/?p=12\" aria-hidden=\"true\" class=\"icon-link\"><\/a>\n                                    <a href=\"https:\/\/onejetski.com\/wp-content\/uploads\/2016\/10\/image-8.jpg\" aria-hidden=\"true\" class=\"icon-search\" title=\"Competition: Just Another Day In Paradise\"><\/a>\n                            <\/div>\n            <\/div><div class=\"sc_blogger_item_content entry-content\"><div class=\"sc_blogger_item_header entry-header\"><h4 class=\"sc_blogger_item_title entry-title\"><a href=\"https:\/\/onejetski.com\/?p=12\" rel=\"bookmark\">Competition: Just Another Day In Paradise<\/a><\/h4><div class=\"sc_blogger_post_meta post_meta\"><span class=\"post_meta_item post_date\"><a href=\"https:\/\/onejetski.com\/?p=12\">September 10, 2016<\/a><\/span> <a href=\"https:\/\/onejetski.com\/?p=12#respond\" class=\"post_meta_item post_counters_item post_counters_comments trx_addons_icon-comment\"><span class=\"post_counters_number\">0<\/span><span class=\"post_counters_label\">Comments<\/span><\/a> <\/div><!-- .post_meta --><\/div><!-- .entry-header --><\/div><!-- .entry-content --><\/div><!-- .sc_blogger_item --><\/div><\/div><\/div><!-- \/.sc_blogger -->[\/vc_column][\/vc_row][vc_row full_width=&#8221;stretch_row&#8221; css=&#8221;.vc_custom_1476968457181{padding-top: 4em !important; fondo acolchado: 4em !important; background-image: url(https:\/\/onejetski.com\/wp-content\/uploads\/2016\/10\/bg_example_logo.jpg?id=626) !important;}&#8221;][vc_column width=&#8221;1\/6&#8243;][vc_single_image img_size=&#8221;alineaci\u00f3n completa&#8221;][\/vc_column][vc_column width=&#8221;1\/6&#8243;][vc_single_image img_size=&#8221;alineaci\u00f3n completa&#8221;][\/vc_column][vc_column width=&#8221;1\/6&#8243;][vc_single_image img_size=&#8221;alineaci\u00f3n completa&#8221;][\/vc_column][vc_column width=&#8221;1\/6&#8243;][vc_single_image img_size=&#8221;alineaci\u00f3n completa&#8221;][\/vc_column][vc_column width=&#8221;1\/6&#8243;][vc_single_image img_size=&#8221;alineaci\u00f3n completa&#8221;][\/vc_column][vc_column width=&#8221;1\/6&#8243;][vc_single_image img_size=&#8221;alineaci\u00f3n completa&#8221;][\/vc_column][\/vc_row]<\/p>\n<\/div>","protected":false},"excerpt":{"rendered":"<p>[vc_row full_width=&#8221;stretch_row_content_no_spaces&#8221;][vc_column css=&#8221;.vc_custom_1711637889446{background-image: url(https:\/\/onejetski.com\/wp-content\/uploads\/2024\/03\/Logo-Jetski-ONE.jpeg?id=1132) !important;}&#8221;][rev_slider_vc alias=&#8221;casa-4&#8243;][\/vc_column][\/vc_row][vc_row full_width=&#8221;stretch_row&#8221; css=&#8221;.vc_custom_1476947842768{padding-top: 5.8em !important; padding-bottom: 7.1em !important;}&#8221;][vc_column width=&#8221;1\/3&#8243; css=&#8221;.vc_custom_1476947699499{padding-right: 2em !important;}&#8221;][vc_single_image image=&#8221;1125&#8243; img_size=&#8221;300&#215;320&#8243; alignment=&#8221;right&#8221;][\/vc_column][vc_column&hellip;<\/p>\n","protected":false},"author":1,"featured_media":1132,"parent":0,"menu_order":0,"comment_status":"closed","ping_status":"closed","template":"","meta":{"footnotes":""},"class_list":["post-86","page","type-page","status-publish","has-post-thumbnail","hentry"],"_links":{"self":[{"href":"https:\/\/onejetski.com\/index.php?rest_route=\/wp\/v2\/pages\/86","targetHints":{"allow":["GET"]}}],"collection":[{"href":"https:\/\/onejetski.com\/index.php?rest_route=\/wp\/v2\/pages"}],"about":[{"href":"https:\/\/onejetski.com\/index.php?rest_route=\/wp\/v2\/types\/page"}],"author":[{"embeddable":true,"href":"https:\/\/onejetski.com\/index.php?rest_route=\/wp\/v2\/users\/1"}],"replies":[{"embeddable":true,"href":"https:\/\/onejetski.com\/index.php?rest_route=%2Fwp%2Fv2%2Fcomments&post=86"}],"version-history":[{"count":15,"href":"https:\/\/onejetski.com\/index.php?rest_route=\/wp\/v2\/pages\/86\/revisions"}],"predecessor-version":[{"id":1124,"href":"https:\/\/onejetski.com\/index.php?rest_route=\/wp\/v2\/pages\/86\/revisions\/1124"}],"wp:featuredmedia":[{"embeddable":true,"href":"https:\/\/onejetski.com\/index.php?rest_route=\/wp\/v2\/media\/1132"}],"wp:attachment":[{"href":"https:\/\/onejetski.com\/index.php?rest_route=%2Fwp%2Fv2%2Fmedia&parent=86"}],"curies":[{"name":"wp","href":"https:\/\/api.w.org\/{rel}","templated":true}]}}